9?
True
Does 9 divide 15525?
True
Is 104 a factor of 12434?
False
Does 141 divide 2961?
True
Is 1749 a multiple of 33?
True
Does 32 divide 704?
True
Is 2442 a multiple of 33?
True
Is 10 a factor of 6462?
False
Is 731 a multiple of 35?
False
Is 57961 a multiple of 84?
False
Is 39 a factor of 265?
False
Does 279 divide 44851?
False
Does 88 divide 1569?
False
Does 14 divide 318?
False
Does 113 divide 1356?
True
Does 16 divide 5600?
True
Is 5763 a multiple of 2?
False
Does 50 divide 48150?
True
Is 2807 a multiple of 175?
False
Is 332 a factor of 21237?
False
Does 8 divide 916?
False
Is 11 a factor of 6102?
False
Does 13 divide 27690?
True
Is 1614 a multiple of 56?
False
Does 74 divide 1476?
False
Does 22 divide 5271?
False
Is 5 a factor of 405?
True
Is 42 a factor of 360?
False
Is 171 a factor of 27531?
True
Is 49457 a multiple of 19?
True
Is 2913 a multiple of 70?
False
Does 27 divide 159?
False
Is 118 a factor of 15104?
True
Is 9424 a multiple of 31?
True
Is 12 a factor of 804?
True
Is 42 a factor of 1240?
False
Does 26 divide 3453?
False
Does 8 divide 1182?
False
Is 1493 a multiple of 12?
False
Is 3 a factor of 7377?
True
Is 2135 a multiple of 48?
False
Is 28 a factor of 579?
False
Does 11 divide 530?
False
Is 122 a multiple of 41?
False
Is 48818 a multiple of 317?
True
Is 1980 a multiple of 132?
True
Is 43 a factor of 110588?
False
Does 68 divide 1128?
False
Is 432 a multiple of 3?
True
Is 264 a multiple of 21?
False
Is 396 a multiple of 36?
True
Is 6420 a multiple of 10?
True
Is 8864 a multiple of 20?
False
Is 96 a multiple of 59?
False
Does 12 divide 612?
True
Is 9303 a multiple of 8?
False
Does 27 divide 2893?
False
Is 1240 a multiple of 62?
True
Is 10 a factor of 17810?
True
Does 110 divide 36467?
False
Is 112 a factor of 46553?
False
Is 111 a factor of 50727?
True
Is 6820 a multiple of 55?
True
Is 33 a factor of 3366?
True
Is 27 a factor of 378?
True
Does 13 divide 28353?
True
Does 22 divide 185?
False
Is 9 a factor of 10403?
False
Does 15 divide 3182?
False
Is 48160 a multiple of 224?
True
Is 57 a factor of 22821?
False
Does 21 divide 67?
False
Does 23 divide 6345?
False
Is 11 a factor of 245?
False
Is 847 a multiple of 29?
False
Is 14 a factor of 348?
False
Does 11 divide 1085?
False
Is 3297 a multiple of 15?
False
Does 13 divide 4173?
True
Does 18 divide 6399?
False
Does 5 divide 1324?
False
Is 40 a factor of 82973?
False
Is 188 a multiple of 41?
False
Does 23 divide 45875?
False
Is 1189 a multiple of 74?
False
Is 7 a factor of 679?
True
Is 83 a factor of 11371?
True
Is 1004 a multiple of 19?
False
Is 15 a factor of 147780?
True
Does 35 divide 735?
True
Is 1310 a multiple of 7?
False
Is 8676 a multiple of 241?
True
Is 424 a multiple of 8?
True
Does 22 divide 5654?
True
Does 22 divide 1430?
True
Is 39558 a multiple of 20?
False
Is 3820 a multiple of 29?
False
Is 4224 a multiple of 32?
True
Is 4640 a multiple of 20?
True
Is 832 a multiple of 64?
True
Is 288 a factor of 4032?
True
Is 53 a factor of 2968?
True
Is 165 a factor of 20790?
True
Is 14 a factor of 16002?
True
Does 17 divide 814?
False
Is 141 a factor of 48088?
False
Is 28 a factor of 1568?
True
Is 736 a multiple of 8?
True
Is 4272 a multiple of 12?
True
Is 4 a factor of 7169?
False
Is 8085 a multiple of 238?
False
Is 16302 a multiple of 26?
True
Is 158 a multiple of 79?
True
Does 13 divide 1287?
True
Is 81 even?
False
Does 27 divide 3348?
True
Is 90 a factor of 14670?
True
Is 39 a factor of 27363?
False
Is 4284 a multiple of 42?
True
Is 141 a factor of 6984?
False
Is 8987 a multiple of 51?
False
Is 60 a multiple of 15?
True
Is 23032 a multiple of 162?
False
Is 15134 a multiple of 11?
False
Is 15930 a multiple of 44?
False
Does 21 divide 2984?
False
Is 16 a factor of 4204?
False
Does 11 divide 2771?
False
Is 2 a factor of 4204?
True
Is 5488 a multiple of 56?
True
Is 49910 a multiple of 217?
True
Is 2152 a multiple of 140?
False
Is 8 a factor of 27867?
False
Is 678 a multiple of 9?
False
Is 5 a factor of 468?
False
Is 27 a factor of 28998?
True
Does 69 divide 17664?
True
Is 72 a factor of 3960?
True
Is 1386 a multiple of 6?
True
Is 25 a factor of 101500?
True
Does 3 divide 63?
True
Does 32 divide 635?
False
Does 13 divide 2519?
False
Does 55 divide 440?
True
Is 41126 a multiple of 17?
False
Does 53 divide 10440?
False
Is 15 a factor of 354?
False
Is 72 a factor of 11056?
False
Does 25 divide 33416?
False
Is 196 a multiple of 7?
True
Does 12 divide 80?
False
Does 4 divide 348?
True
Does 20 divide 345?
False
Is 280 a multiple of 20?
True
Is 7 a factor of 203?
True
Is 259 a factor of 97902?
True
Is 1260 a multiple of 12?
True
Does 49 divide 735?
True
Does 60 divide 547?
False
Does 18 divide 18253?
False
Is 10 a factor of 225?
False
Does 127 divide 1143?
True
Does 13 divide 520?
True
Is 86 a factor of 62729?
False
Does 73 divide 60099?
False
Is 932 a multiple of 15?
False
Is 13858 a multiple of 26?
True
Is 14 a factor of 6471?
False
Is 78322 a multiple of 19?
False
Is 325 a multiple of 26?
False
Is 2805 a multiple of 33?
True
Is 57376 a multiple of 88?
True
Is 18 a factor of 322?
False
Does 10 divide 316?
False
Is 18960 a multiple of 120?
True
Does 13 divide 6818?
False
Is 18 a factor of 2722?
False
Is 260 a multiple of 52?
True
Is 76 a multiple of 4?
True
Is 7 a factor of 102?
False
Is 11697 a multiple of 4?
False
Does 29 divide 1885?
True
Is 4 a factor of 86?
False
Is 195 a multiple of 7?
False
Is 56569 a multiple of 4?
False
Does 5 divide 424?
False
Does 66 divide 85668?
True
Is 210 a factor of 5460?
True
Is 9500 a multiple of 125?
True
Does 8 divide 184?
True
Is 26 a factor of 38?
False
Does 13 divide 17407?
True
Is 26 a factor of 135534?
False
Does 91 divide 8943?
False
Does 50 divide 7677?
False
Does 24 divide 3117?
False
Is 13 a factor of 18707?
True
Does 26 divide 2626?
True
Is 30 a factor of 317?
False
Is 128 a factor of 56064?
True
Does 61 divide 17324?
True
Is 14 a factor of 1582?
True
Is 49147 a multiple of 119?
True
Does 22 divide 160?
False
Is 2765 a multiple of 42?
False
Does 36 divide 3708?
True
Is 18 a factor of 487?
False
Is 10749 a multiple of 13?
False
Is 5278 a multiple of 26?
True
Does 26 divide 10327?
False
Is 1520 a multiple of 40?
True
Does 25 divide 10575?
True
Is 7455 a multiple of 71?
True
Is 365 a multiple of 23?
False
Does 81 divide 493?
False
Does 117 divide 8436?
False
Is 15762 a multiple of 89?
False
Is 32 a factor of 29810?
False
Is 54283 a multiple of 19?
True
Does 26 divide 1189?
False
Does 36 divide 2501?
False
Does 5 divide 1274?
False
Is 292 a multiple of 9?
False
Is 116 a multiple of 58?
True
Is 40 a factor of 147376?
False
Is 44625 a multiple of 255?
True
Is 1250 a multiple of 46?
False
Does 2 divide 4857?
False
Is 72127 a multiple of 83?
True
Does 80 divide 42702?
False
Is 4059 a multiple of 33?
True
Does 81 divide 1215?
True
Is 1365 a multiple of 20?
False
Does 6 divide 12?
True
Does 15 divide 162?
False
Does 184 divide 6256?
True
Is 3104 a multiple of 93?
False
Is 3864 a multiple of 161?
True
Is 4315 a multiple of 11?
False
Does 124 divide 14217?
False
Is 18 a factor of 67237?
False
Is 8 a factor of 4719?
False
Does 121 divide 8796?
False
Does 106 divide 23206?
False
Is 175 a multiple of 5?
True
Is 836 a multiple of 48?
False
Is 14 a factor of 3822?
True
Does 30 divide 90?
True
Is 4992 a multiple of 64?
True
Is 4 a factor of 1928?
True
Does 124 divide 4464?
True
Is 371 a multiple of 7?
True
Does 16 divide 4753?
False
Is 10 a factor of 386?
False
Is 31 a factor of 7440?
True
Is 64 a factor of 64?
True
Is 1260 a multiple of 84?
True
Does 32 divide 4129?
False
Does 14 divide 4914?
True
Is 67 a factor of 20246?
False
Is 21125 a multiple of 189?
False
Is 12 a factor of 144?
True
Is 15 a factor of 2490?
True
Is 2457 a multiple of 117?
True
Is 114 a factor of 5447?
False
Is 3743 even?
False
Is 47 a factor of 15143?
False
Does 22 divide 132?
True
Is 1813 a multiple of 33?
False
Is 8 a factor of 1088?
True
Is 1093 a multiple of 16?
False
Is 43 a factor of 2103?
False
Does 27 divide 1911?
False
Does 38 divide 4408?
True
Is 15 a multiple of 5?
True
Is 286 a multiple of 2?
True
Does 60 divide 3362?
False
Is 129 a factor of 10789?
False
Is 16 a factor of 1360?
True
Is 98028 a multiple of 84?
True
Does 6 divide 396?
True
Is 16632 a multiple of 18?
Tr